{"id":92606,"date":"2021-01-29T16:00:50","date_gmt":"2021-01-29T15:00:50","guid":{"rendered":"https:\/\/nabytoklaguna.sk\/sk\/?post_type=product&#038;p=92606"},"modified":"2025-07-15T14:54:53","modified_gmt":"2025-07-15T12:54:53","slug":"k-antiko","status":"publish","type":"product","link":"https:\/\/nabytoklaguna.sk\/sk\/produkt\/k-antiko\/","title":{"rendered":"K ANTIKO"},"content":{"rendered":"<p><b>Poste\u013e ANTIKO<\/b>\u00a0je vyroben\u00e1 z<b>\u00a0mas\u00edvneho dreva<\/b>\u00a0v kombin\u00e1ci\u00ed s\u00a0<b>MDF<\/b>\u00a0vo farebnom preveden\u00ed\u00a0<b>antick\u00e1 biela.<\/b>\u00a0Antiko nie je len tak\u00e1 oby\u010dajn\u00e1 poste\u013e. Ukr\u00fdva v sebe\u00a0<b>pr\u00edstelku<\/b>, ktor\u00fa kedyko\u013evek m\u00f4\u017eete vysun\u00fa\u0165, a t\u00fdm z\u00edskate \u010fal\u0161ie l\u00f4\u017eko na spanie. U\u017e viac nemus\u00edte rie\u0161i\u0165, kde niekoho prenocova\u0165, rodinn\u00e9ho pr\u00edslu\u0161n\u00edka alebo kamar\u00e1ta v\u00e1\u0161ho die\u0165a\u0165a. Navy\u0161e Antiko pon\u00faka aj\u00a0<b>\u00falo\u017en\u00fd priestor<\/b>\u00a0v podobe\u00a0<b>troch \u0161upl\u00edkov.<\/b>\u00a0Jej modern\u00fd vzh\u013ead a kr\u00e1sne prevedenie jednoducho hne\u010f padne do oka. Odpor\u00fa\u010dame zak\u00fapi\u0165 matrace s rozmerom\u00a0<a href=\"https:\/\/www.temponabytok.sk\/katalog\/?vyhladavanie=matrace%2090x200\">90&#215;200 cm\u00a0<\/a>z na\u0161ej ponuky, na pr\u00edstelku s maxim\u00e1lnou v\u00fd\u0161kou 12 cm.<\/p>\n<div class=\"text\">\n<ul>\n<li><b>Materi\u00e1l:\u00a0<\/b>mas\u00edv\/MDF<\/li>\n<li><b>Farba:<\/b>\u00a0antick\u00e1 biela<\/li>\n<li><b>Rozmery (\u0160xHxV):<\/b>\u00a0218&#215;96,3&#215;91,5<\/li>\n<li><b>Plocha na spanie (\u0160xH):<\/b>\u00a090&#215;200 cm<\/li>\n<li>Matrac s max. v\u00fd\u0161kou na pr\u00edstelku: 12 cm<\/li>\n<li><b>V\u00fd\u0161ka po ro\u0161t horn\u00e9 l\u00f4\u017eko:<\/b>\u00a041,8 cm<\/li>\n<li><b>V\u00fd\u0161ka po ro\u0161t spodn\u00e9 l\u00f4\u017eko:<\/b>\u00a025,5 cm<\/li>\n<li>Dod\u00e1van\u00e9 s latkov\u00fdmi ro\u0161tami ZDARMA<\/li>\n<li>Nosnos\u0165: 110 kg<\/li>\n<li>S pr\u00edstelkou<\/li>\n<li>3 \u0161upl\u00edky<\/li>\n<li>Dod\u00e1van\u00e9 v demonte<\/li>\n<\/ul>\n<\/div>\n<div><\/div>\n<div>\n<table border=\"0\" cellspacing=\"1\" cellpadding=\"1\">\n<tbody>\n<tr>\n<td style=\"width: 32.1945%;\"><img decoding=\"async\" src=\"https:\/\/shop.tempo-kondela.sk\/Files\/2521000\/2521873\/montana.png\" alt=\"Matrac, penov\u00fd, 90x200, MONTANA\" \/><\/td>\n<td style=\"width: 67.2799%;\"><u><strong>Matrac MONTANA:<\/strong><\/u><\/p>\n<p><a href=\"https:\/\/nabytoklaguna.sk\/sk\/obchod\/spalne\/matrace\/tempo-kondela-montana\/\">https:\/\/nabytoklaguna.sk\/sk\/obchod\/spalne\/matrace\/tempo-kondela-montana\/<\/a><\/p>\n<p>&nbsp;<\/p>\n<p>&nbsp;<\/td>\n<\/tr>\n<\/tbody>\n<\/table>\n<\/div>\n","protected":false},"excerpt":{"rendered":"<p>Poste\u013e ANTIKO\u00a0je vyroben\u00e1 z\u00a0mas\u00edvneho dreva\u00a0v kombin\u00e1ci\u00ed s\u00a0MDF\u00a0vo farebnom preveden\u00ed\u00a0antick\u00e1 biela.\u00a0Antiko nie je len tak\u00e1 oby\u010dajn\u00e1 poste\u013e. Ukr\u00fdva v sebe\u00a0pr\u00edstelku, ktor\u00fa kedyko\u013evek m\u00f4\u017eete vysun\u00fa\u0165, a t\u00fdm z\u00edskate \u010fal\u0161ie l\u00f4\u017eko na spanie. U\u017e viac nemus\u00edte rie\u0161i\u0165, kde niekoho prenocova\u0165, rodinn\u00e9ho pr\u00edslu\u0161n\u00edka alebo kamar\u00e1ta v\u00e1\u0161ho die\u0165a\u0165a. Navy\u0161e Antiko pon\u00faka aj\u00a0\u00falo\u017en\u00fd priestor\u00a0v podobe\u00a0troch \u0161upl\u00edkov.\u00a0Jej modern\u00fd vzh\u013ead a kr\u00e1sne prevedenie&#8230;<\/p>\n","protected":false},"featured_media":92610,"comment_status":"closed","ping_status":"closed","template":"","meta":{"_seopress_robots_primary_cat":"none","_seopress_titles_title":"","_seopress_titles_desc":"","_seopress_robots_index":""},"product_brand":[],"product_cat":[233,234,616],"product_tag":[],"class_list":{"0":"post-92606","1":"product","2":"type-product","3":"status-publish","4":"has-post-thumbnail","6":"product_cat-poschodove-postele","7":"product_cat-detske-postele","8":"product_cat-drevene-postele","9":"pa_typ-produktu-s-matracmi-montana-11","10":"pa_typ-produktu-s-rostom-bez-matraca-2","12":"first","13":"onbackorder","14":"shipping-taxable","15":"purchasable","16":"product-type-variable"},"_links":{"self":[{"href":"https:\/\/nabytoklaguna.sk\/sk\/wp-json\/wp\/v2\/product\/92606","targetHints":{"allow":["GET"]}}],"collection":[{"href":"https:\/\/nabytoklaguna.sk\/sk\/wp-json\/wp\/v2\/product"}],"about":[{"href":"https:\/\/nabytoklaguna.sk\/sk\/wp-json\/wp\/v2\/types\/product"}],"replies":[{"embeddable":true,"href":"https:\/\/nabytoklaguna.sk\/sk\/wp-json\/wp\/v2\/comments?post=92606"}],"wp:featuredmedia":[{"embeddable":true,"href":"https:\/\/nabytoklaguna.sk\/sk\/wp-json\/wp\/v2\/media\/92610"}],"wp:attachment":[{"href":"https:\/\/nabytoklaguna.sk\/sk\/wp-json\/wp\/v2\/media?parent=92606"}],"wp:term":[{"taxonomy":"product_brand","embeddable":true,"href":"https:\/\/nabytoklaguna.sk\/sk\/wp-json\/wp\/v2\/product_brand?post=92606"},{"taxonomy":"product_cat","embeddable":true,"href":"https:\/\/nabytoklaguna.sk\/sk\/wp-json\/wp\/v2\/product_cat?post=92606"},{"taxonomy":"product_tag","embeddable":true,"href":"https:\/\/nabytoklaguna.sk\/sk\/wp-json\/wp\/v2\/product_tag?post=92606"}],"curies":[{"name":"wp","href":"https:\/\/api.w.org\/{rel}","templated":true}]}}

<p><b>Posteľ ANTIKO</b> je vyrobená z<b> masívneho dreva</b> v kombinácií s <b>MDF</b> vo farebnom prevedení <b>antická biela.</b> Antiko nie je len taká obyčajná posteľ. Ukrýva v sebe <b>prístelku</b>, ktorú kedykoľvek môžete vysunúť, a tým získate ďalšie lôžko na spanie. Už viac nemusíte riešiť, kde niekoho prenocovať, rodinného príslušníka alebo kamaráta vášho dieťaťa. Navyše Antiko ponúka aj <b>úložný priestor</b> v podobe <b>troch šuplíkov.</b> Jej moderný vzhľad a krásne prevedenie jednoducho hneď padne do oka. Odporúčame zakúpiť matrace s rozmerom <a href="https://www.temponabytok.sk/katalog/?vyhladavanie=matrace%2090x200">90&#215;200 cm </a>z našej ponuky, na prístelku s maximálnou výškou 12 cm.</p>
<div class="text">
<ul>
<li><b>Materiál: </b>masív/MDF</li>
<li><b>Farba:</b> antická biela</li>
<li><b>Rozmery (ŠxHxV):</b> 218&#215;96,3&#215;91,5</li>
<li><b>Plocha na spanie (ŠxH):</b> 90&#215;200 cm</li>
<li>Matrac s max. výškou na prístelku: 12 cm</li>
<li><b>Výška po rošt horné lôžko:</b> 41,8 cm</li>
<li><b>Výška po rošt spodné lôžko:</b> 25,5 cm</li>
<li>Dodávané s latkovými roštami ZDARMA</li>
<li>Nosnosť: 110 kg</li>
<li>S prístelkou</li>
<li>3 šuplíky</li>
<li>Dodávané v demonte</li>
</ul>
</div>
<div></div>
<div>
<table border="0" cellspacing="1" cellpadding="1">
<tbody>
<tr>
<td style="width: 32.1945%;"><img decoding="async" src="https://shop.tempo-kondela.sk/Files/2521000/2521873/montana.png" alt="Matrac, penový, 90x200, MONTANA" /></td>
<td style="width: 67.2799%;"><u><strong>Matrac MONTANA:</strong></u></p>
<p><a href="https://nabytoklaguna.sk/sk/obchod/spalne/matrace/tempo-kondela-montana/">https://nabytoklaguna.sk/sk/obchod/spalne/matrace/tempo-kondela-montana/</a></p>
<p>&nbsp;</p>
<p>&nbsp;</td>
</tr>
</tbody>
</table>
</div>

<p>Posteľ ANTIKO je vyrobená z masívneho dreva v kombinácií s MDF vo farebnom prevedení antická biela. Antiko nie je len taká obyčajná posteľ. Ukrýva v sebe prístelku, ktorú kedykoľvek môžete vysunúť, a tým získate ďalšie lôžko na spanie. Už viac nemusíte riešiť, kde niekoho prenocovať, rodinného príslušníka alebo kamaráta vášho dieťaťa. Navyše Antiko ponúka aj úložný priestor v podobe troch šuplíkov. Jej moderný vzhľad a krásne prevedenie&#8230;</p>
