{"id":92806,"date":"2021-02-02T10:40:32","date_gmt":"2021-02-02T09:40:32","guid":{"rendered":"https:\/\/nabytoklaguna.sk\/sk\/?post_type=product&#038;p=92806"},"modified":"2025-11-12T16:51:23","modified_gmt":"2025-11-12T15:51:23","slug":"k-enra","status":"publish","type":"product","link":"https:\/\/nabytoklaguna.sk\/sk\/produkt\/k-enra\/","title":{"rendered":"K ENRA"},"content":{"rendered":"<p>Potrebujete nov\u00fa jed\u00e1lensk\u00fa stoli\u010dku no neviete sa rozhodn\u00fa\u0165 ak\u00fa. My V\u00e1m porad\u00edme! Stoli\u010dka ENRA je to prav\u00e9 \u010do h\u013ead\u00e1te. Stoli\u010dka je pevn\u00e1 a stabiln\u00e1 a to v\u010faka kovovej kon\u0161trukcii. Stoli\u010dka je \u010dal\u00fanen\u00e1 kvalitnou l\u00e1tkou v kombin\u00e1cii s ekoko\u017eou. O stabilitu sa postaraj\u00fa \u0161tyri kovov\u00e9 no\u017ei\u010dky v \u010diernej farbe. Vhodn\u00e1 je do kuchyne \u010di jed\u00e1lne<\/p>\n<p>V preveden\u00ed svetlosiv\u00e1\/\u010dierna len do vypredania z\u00e1sob<\/p>\n<p>VLASTNOSTI<\/p>\n<div class=\"text\">\n<ul>\n<li><b>Materi\u00e1l \u010dal\u00fanenie:\u00a0<\/b>l\u00e1tka\/ekoko\u017ea<\/li>\n<li><b>Farba<\/b>, tmavosiv\u00e1\/\u010dierna, tmavohned\u00e1\/\u010dierna<\/li>\n<li><b>Materi\u00e1l nohy:\u00a0<\/b>kov<\/li>\n<li><b>Farba:\u00a0<\/b>\u010dierna<\/li>\n<li><b>Rozmery (\u0160xHxV):\u00a0<\/b>41x50x98 cm<\/li>\n<li><b>V\u00fd\u0161ka sedu:\u00a0<\/b>48 cm<\/li>\n<li><b>H\u013abka sedu:\u00a0<\/b>40 cm<\/li>\n<li><b>Nosnos\u0165:\u00a0<\/b>90 kg<\/li>\n<li>Dod\u00e1van\u00e9 v demonte<\/li>\n<\/ul>\n<\/div>\n","protected":false},"excerpt":{"rendered":"<p>Potrebujete nov\u00fa jed\u00e1lensk\u00fa stoli\u010dku no neviete sa rozhodn\u00fa\u0165 ak\u00fa. My V\u00e1m porad\u00edme! Stoli\u010dka ENRA je to prav\u00e9 \u010do h\u013ead\u00e1te. Stoli\u010dka je pevn\u00e1 a stabiln\u00e1 a to v\u010faka kovovej kon\u0161trukcii. Stoli\u010dka je \u010dal\u00fanen\u00e1 kvalitnou l\u00e1tkou v kombin\u00e1cii s ekoko\u017eou. O stabilitu sa postaraj\u00fa \u0161tyri kovov\u00e9 no\u017ei\u010dky v \u010diernej farbe. Vhodn\u00e1 je do kuchyne \u010di jed\u00e1lne V&#8230;<\/p>\n","protected":false},"featured_media":93320,"comment_status":"closed","ping_status":"closed","template":"","meta":{"_seopress_robots_primary_cat":"none","_seopress_titles_title":"","_seopress_titles_desc":"","_seopress_robots_index":""},"product_brand":[],"product_cat":[239,237],"product_tag":[],"class_list":{"0":"post-92806","1":"product","2":"type-product","3":"status-publish","4":"has-post-thumbnail","6":"product_cat-kovove-stolicky","7":"product_cat-stolicky","9":"first","10":"onbackorder","11":"shipping-taxable","12":"purchasable","13":"product-type-variable"},"_links":{"self":[{"href":"https:\/\/nabytoklaguna.sk\/sk\/wp-json\/wp\/v2\/product\/92806","targetHints":{"allow":["GET"]}}],"collection":[{"href":"https:\/\/nabytoklaguna.sk\/sk\/wp-json\/wp\/v2\/product"}],"about":[{"href":"https:\/\/nabytoklaguna.sk\/sk\/wp-json\/wp\/v2\/types\/product"}],"replies":[{"embeddable":true,"href":"https:\/\/nabytoklaguna.sk\/sk\/wp-json\/wp\/v2\/comments?post=92806"}],"wp:featuredmedia":[{"embeddable":true,"href":"https:\/\/nabytoklaguna.sk\/sk\/wp-json\/wp\/v2\/media\/93320"}],"wp:attachment":[{"href":"https:\/\/nabytoklaguna.sk\/sk\/wp-json\/wp\/v2\/media?parent=92806"}],"wp:term":[{"taxonomy":"product_brand","embeddable":true,"href":"https:\/\/nabytoklaguna.sk\/sk\/wp-json\/wp\/v2\/product_brand?post=92806"},{"taxonomy":"product_cat","embeddable":true,"href":"https:\/\/nabytoklaguna.sk\/sk\/wp-json\/wp\/v2\/product_cat?post=92806"},{"taxonomy":"product_tag","embeddable":true,"href":"https:\/\/nabytoklaguna.sk\/sk\/wp-json\/wp\/v2\/product_tag?post=92806"}],"curies":[{"name":"wp","href":"https:\/\/api.w.org\/{rel}","templated":true}]}}

<p>Potrebujete novú jedálenskú stoličku no neviete sa rozhodnúť akú. My Vám poradíme! Stolička ENRA je to pravé čo hľadáte. Stolička je pevná a stabilná a to vďaka kovovej konštrukcii. Stolička je čalúnená kvalitnou látkou v kombinácii s ekokožou. O stabilitu sa postarajú štyri kovové nožičky v čiernej farbe. Vhodná je do kuchyne či jedálne</p>
<p>V prevedení svetlosivá/čierna len do vypredania zásob</p>
<p>VLASTNOSTI</p>
<div class="text">
<ul>
<li><b>Materiál čalúnenie: </b>látka/ekokoža</li>
<li><b>Farba</b>, tmavosivá/čierna, tmavohnedá/čierna</li>
<li><b>Materiál nohy: </b>kov</li>
<li><b>Farba: </b>čierna</li>
<li><b>Rozmery (ŠxHxV): </b>41x50x98 cm</li>
<li><b>Výška sedu: </b>48 cm</li>
<li><b>Hĺbka sedu: </b>40 cm</li>
<li><b>Nosnosť: </b>90 kg</li>
<li>Dodávané v demonte</li>
</ul>
</div>

<p>Potrebujete novú jedálenskú stoličku no neviete sa rozhodnúť akú. My Vám poradíme! Stolička ENRA je to pravé čo hľadáte. Stolička je pevná a stabilná a to vďaka kovovej konštrukcii. Stolička je čalúnená kvalitnou látkou v kombinácii s ekokožou. O stabilitu sa postarajú štyri kovové nožičky v čiernej farbe. Vhodná je do kuchyne či jedálne V&#8230;</p>
