{"id":93580,"date":"2021-02-17T15:02:01","date_gmt":"2021-02-17T14:02:01","guid":{"rendered":"https:\/\/nabytoklaguna.sk\/sk\/?post_type=product&#038;p=93580"},"modified":"2025-07-15T14:52:25","modified_gmt":"2025-07-15T12:52:25","slug":"k-nevil","status":"publish","type":"product","link":"https:\/\/nabytoklaguna.sk\/sk\/produkt\/k-nevil\/","title":{"rendered":"K NEVIL"},"content":{"rendered":"<p><strong>Nevil<\/strong> je\u00a0<b>poschodov\u00e1 poste\u013e<\/b>, s dvoma l\u00f4\u017ekami r\u00f4znej \u0161\u00edrky.<b>\u00a0Horn\u00e9 l\u00f4\u017eko<\/b>\u00a0je ur\u010den\u00e9 pre star\u0161ie die\u0165a a\u00a0zabezpe\u010den\u00e9 je\u00a0<b>drevenou z\u00e1branou<\/b>\u00a0proti p\u00e1du.<b>\u00a0Spodn\u00e9 l\u00f4\u017eko<\/b> <b>v\u00e4\u010d\u0161iu plochu na spanie<\/b>.\u00a0Ke\u010f sa v\u00e1\u0161mu die\u0165a\u0165u nebude da\u0165 zaspa\u0165, jednoducho si m\u00f4\u017eete \u013eahn\u00fa\u0165 k nemu, a tak mu doda\u0165 pocit bezpe\u010dia. T\u00e1to poste\u013e je ide\u00e1lna aj do rodiny s tromi de\u0165mi, pr\u00edpadne vtedy, ak u v\u00e1s \u010dasto presp\u00e1vaj\u00fa kamar\u00e1ti v\u00e1\u0161ho die\u0165a\u0165a. V\u00fdstup na horn\u00e9 l\u00f4\u017eko zabezpe\u010duje origin\u00e1lny\u00a0<b>rebr\u00edk<\/b>, ktor\u00fd m\u00f4\u017eete umiestni\u0165 z\u00a0pravej alebo\u00a0\u013eavej strany. Tento klenot medzi poste\u013eami je vyroben\u00fd z\u00a0<b>mas\u00edvneho dreva v kombin\u00e1ci\u00ed s\u00a0MDF v\u00a0sivom preveden\u00ed.<\/b>\u00a0Najlep\u0161ie na posteli NEVIL je jej rozlo\u017eite\u013enos\u0165. U\u017e sme spomenuli, \u017ee je pre r\u00f4zne vekov\u00e9 kateg\u00f3rie det\u00ed, a\u00a0pr\u00e1ve sme sa k\u00a0tomu dostali. Nevil sa d\u00e1\u00a0<b>rozlo\u017ei\u0165 na dve samostatn\u00e9 l\u00f4\u017eka<\/b> a\u00a0vy m\u00e1te s\u00a0poste\u013eami pre va\u0161e deti na dlh\u00fd \u010das pokoj. Jednoduch\u00e9 a\u00a0praktick\u00e9 rie\u0161enie sa vol\u00e1 NEVIL.<\/p>\n<div class=\"text\">\n<ul>\n<li><b>Materi\u00e1l:\u00a0<\/b>mas\u00edv\/MDF<\/li>\n<li><b>Farba:<\/b>\u00a0siv\u00e1<\/li>\n<li><b>Rozmery (\u0160xHxV):<\/b>\u00a0209&#215;143,6&#215;168,2 cm<\/li>\n<li><b>Plocha na spanie spodn\u00e9 l\u00f4\u017eko (\u0160xH):<\/b>\u00a0140&#215;200 cm<\/li>\n<li><b>Plocha na spanie horn\u00e9 l\u00f4\u017eko (\u0160xH):<\/b>\u00a090&#215;200 cm<\/li>\n<li>Nosnos\u0165: 110 kg<\/li>\n<li>Dod\u00e1van\u00e1 s latkov\u00fdmi ro\u0161tami<\/li>\n<li><b>V\u00fd\u0161ka po ro\u0161t horn\u00e9 l\u00f4\u017eko:<\/b>\u00a0127,5 cm<\/li>\n<li><b>V\u00fd\u0161ka po ro\u0161t spodn\u00e9 l\u00f4\u017eko:<\/b>\u00a033,5 cm<\/li>\n<li><b>Vhodn\u00e1 a\u017e pre 3 osoby<\/b><\/li>\n<li>Rozlo\u017eite\u013enos\u0165 na 2 samostatn\u00e9 postele<\/li>\n<li>Rebr\u00edk<\/li>\n<li>Rebr\u00edk m\u00f4\u017ee by\u0165 z \u013eavej alebo pravej strany<\/li>\n<li>Dod\u00e1van\u00e9 v demonte<\/li>\n<li>Mo\u017enos\u0165 dok\u00fapi\u0165 matrace<\/li>\n<\/ul>\n<table border=\"0\" cellspacing=\"1\" cellpadding=\"1\">\n<tbody>\n<tr>\n<td style=\"width: 32.1945%;\"><img decoding=\"async\" src=\"https:\/\/shop.tempo-kondela.sk\/Files\/2521000\/2521873\/montana.png\" alt=\"Matrac, penov\u00fd, 90x200, MONTANA\" \/><\/td>\n<td style=\"width: 67.2799%;\"><u><strong>Matrac MONTANA:<\/strong><\/u><\/p>\n<p><a href=\"https:\/\/nabytoklaguna.sk\/sk\/obchod\/spalne\/matrace\/tempo-kondela-montana\/\">https:\/\/nabytoklaguna.sk\/sk\/obchod\/spalne\/matrace\/tempo-kondela-montana\/<\/a><\/p>\n<p>&nbsp;<\/p>\n<p>&nbsp;<\/td>\n<\/tr>\n<tr>\n<td style=\"width: 32.1945%;\"><img decoding=\"async\" src=\"https:\/\/nabytoklaguna.sk\/sk\/wp-content\/uploads\/2017\/11\/80x200-610x609.jpg\" \/><\/td>\n<td style=\"width: 67.2799%;\"><strong><u>Matrac BE KATARINA:<\/u><\/strong><\/p>\n<p><a href=\"https:\/\/nabytoklaguna.sk\/sk\/obchod\/spalne\/matrace\/tempo-kondela-katarina-10\/\">https:\/\/nabytoklaguna.sk\/sk\/obchod\/spalne\/matrace\/tempo-kondela-katarina-10\/<\/a><\/td>\n<\/tr>\n<\/tbody>\n<\/table>\n<\/div>\n","protected":false},"excerpt":{"rendered":"<p>Nevil je\u00a0poschodov\u00e1 poste\u013e, s dvoma l\u00f4\u017ekami r\u00f4znej \u0161\u00edrky.\u00a0Horn\u00e9 l\u00f4\u017eko\u00a0je ur\u010den\u00e9 pre star\u0161ie die\u0165a a\u00a0zabezpe\u010den\u00e9 je\u00a0drevenou z\u00e1branou\u00a0proti p\u00e1du.\u00a0Spodn\u00e9 l\u00f4\u017eko v\u00e4\u010d\u0161iu plochu na spanie.\u00a0Ke\u010f sa v\u00e1\u0161mu die\u0165a\u0165u nebude da\u0165 zaspa\u0165, jednoducho si m\u00f4\u017eete \u013eahn\u00fa\u0165 k nemu, a tak mu doda\u0165 pocit bezpe\u010dia. T\u00e1to poste\u013e je ide\u00e1lna aj do rodiny s tromi de\u0165mi, pr\u00edpadne vtedy, ak u v\u00e1s&#8230;<\/p>\n","protected":false},"featured_media":93583,"comment_status":"closed","ping_status":"closed","template":"","meta":{"_seopress_robots_primary_cat":"none","_seopress_titles_title":"","_seopress_titles_desc":"","_seopress_robots_index":""},"product_brand":[],"product_cat":[233,234,209,616],"product_tag":[],"class_list":{"0":"post-93580","1":"product","2":"type-product","3":"status-publish","4":"has-post-thumbnail","6":"product_cat-poschodove-postele","7":"product_cat-detske-postele","8":"product_cat-detske-izby","9":"product_cat-drevene-postele","10":"pa_typ-produktu-s-matracmi-be-katarina-10-new-11","11":"pa_typ-produktu-s-rostom-bez-matraca-2","13":"first","14":"onbackorder","15":"shipping-taxable","16":"purchasable","17":"product-type-variable"},"_links":{"self":[{"href":"https:\/\/nabytoklaguna.sk\/sk\/wp-json\/wp\/v2\/product\/93580","targetHints":{"allow":["GET"]}}],"collection":[{"href":"https:\/\/nabytoklaguna.sk\/sk\/wp-json\/wp\/v2\/product"}],"about":[{"href":"https:\/\/nabytoklaguna.sk\/sk\/wp-json\/wp\/v2\/types\/product"}],"replies":[{"embeddable":true,"href":"https:\/\/nabytoklaguna.sk\/sk\/wp-json\/wp\/v2\/comments?post=93580"}],"wp:featuredmedia":[{"embeddable":true,"href":"https:\/\/nabytoklaguna.sk\/sk\/wp-json\/wp\/v2\/media\/93583"}],"wp:attachment":[{"href":"https:\/\/nabytoklaguna.sk\/sk\/wp-json\/wp\/v2\/media?parent=93580"}],"wp:term":[{"taxonomy":"product_brand","embeddable":true,"href":"https:\/\/nabytoklaguna.sk\/sk\/wp-json\/wp\/v2\/product_brand?post=93580"},{"taxonomy":"product_cat","embeddable":true,"href":"https:\/\/nabytoklaguna.sk\/sk\/wp-json\/wp\/v2\/product_cat?post=93580"},{"taxonomy":"product_tag","embeddable":true,"href":"https:\/\/nabytoklaguna.sk\/sk\/wp-json\/wp\/v2\/product_tag?post=93580"}],"curies":[{"name":"wp","href":"https:\/\/api.w.org\/{rel}","templated":true}]}}

<p><strong>Nevil</strong> je <b>poschodová posteľ</b>, s dvoma lôžkami rôznej šírky.<b> Horné lôžko</b> je určené pre staršie dieťa a zabezpečené je <b>drevenou zábranou</b> proti pádu.<b> Spodné lôžko</b> <b>väčšiu plochu na spanie</b>. Keď sa vášmu dieťaťu nebude dať zaspať, jednoducho si môžete ľahnúť k nemu, a tak mu dodať pocit bezpečia. Táto posteľ je ideálna aj do rodiny s tromi deťmi, prípadne vtedy, ak u vás často prespávajú kamaráti vášho dieťaťa. Výstup na horné lôžko zabezpečuje originálny <b>rebrík</b>, ktorý môžete umiestniť z pravej alebo ľavej strany. Tento klenot medzi posteľami je vyrobený z <b>masívneho dreva v kombinácií s MDF v sivom prevedení.</b> Najlepšie na posteli NEVIL je jej rozložiteľnosť. Už sme spomenuli, že je pre rôzne vekové kategórie detí, a práve sme sa k tomu dostali. Nevil sa dá <b>rozložiť na dve samostatné lôžka</b> a vy máte s posteľami pre vaše deti na dlhý čas pokoj. Jednoduché a praktické riešenie sa volá NEVIL.</p>
<div class="text">
<ul>
<li><b>Materiál: </b>masív/MDF</li>
<li><b>Farba:</b> sivá</li>
<li><b>Rozmery (ŠxHxV):</b> 209&#215;143,6&#215;168,2 cm</li>
<li><b>Plocha na spanie spodné lôžko (ŠxH):</b> 140&#215;200 cm</li>
<li><b>Plocha na spanie horné lôžko (ŠxH):</b> 90&#215;200 cm</li>
<li>Nosnosť: 110 kg</li>
<li>Dodávaná s latkovými roštami</li>
<li><b>Výška po rošt horné lôžko:</b> 127,5 cm</li>
<li><b>Výška po rošt spodné lôžko:</b> 33,5 cm</li>
<li><b>Vhodná až pre 3 osoby</b></li>
<li>Rozložiteľnosť na 2 samostatné postele</li>
<li>Rebrík</li>
<li>Rebrík môže byť z ľavej alebo pravej strany</li>
<li>Dodávané v demonte</li>
<li>Možnosť dokúpiť matrace</li>
</ul>
<table border="0" cellspacing="1" cellpadding="1">
<tbody>
<tr>
<td style="width: 32.1945%;"><img decoding="async" src="https://shop.tempo-kondela.sk/Files/2521000/2521873/montana.png" alt="Matrac, penový, 90x200, MONTANA" /></td>
<td style="width: 67.2799%;"><u><strong>Matrac MONTANA:</strong></u></p>
<p><a href="https://nabytoklaguna.sk/sk/obchod/spalne/matrace/tempo-kondela-montana/">https://nabytoklaguna.sk/sk/obchod/spalne/matrace/tempo-kondela-montana/</a></p>
<p>&nbsp;</p>
<p>&nbsp;</td>
</tr>
<tr>
<td style="width: 32.1945%;"><img decoding="async" src="https://nabytoklaguna.sk/sk/wp-content/uploads/2017/11/80x200-610x609.jpg" /></td>
<td style="width: 67.2799%;"><strong><u>Matrac BE KATARINA:</u></strong></p>
<p><a href="https://nabytoklaguna.sk/sk/obchod/spalne/matrace/tempo-kondela-katarina-10/">https://nabytoklaguna.sk/sk/obchod/spalne/matrace/tempo-kondela-katarina-10/</a></td>
</tr>
</tbody>
</table>
</div>

<p>Nevil je poschodová posteľ, s dvoma lôžkami rôznej šírky. Horné lôžko je určené pre staršie dieťa a zabezpečené je drevenou zábranou proti pádu. Spodné lôžko väčšiu plochu na spanie. Keď sa vášmu dieťaťu nebude dať zaspať, jednoducho si môžete ľahnúť k nemu, a tak mu dodať pocit bezpečia. Táto posteľ je ideálna aj do rodiny s tromi deťmi, prípadne vtedy, ak u vás&#8230;</p>
