{"id":93588,"date":"2021-02-17T16:07:42","date_gmt":"2021-02-17T15:07:42","guid":{"rendered":"https:\/\/nabytoklaguna.sk\/sk\/?post_type=product&#038;p=93588"},"modified":"2025-07-15T14:49:02","modified_gmt":"2025-07-15T12:49:02","slug":"k-livio","status":"publish","type":"product","link":"https:\/\/nabytoklaguna.sk\/sk\/produkt\/k-livio\/","title":{"rendered":"K LIVIO"},"content":{"rendered":"<p><b>Poste\u013e LIVIO<\/b>\u00a0si zamilujete nielen vy, ale aj va\u0161e ratolesti.\u00a0<b>Vydr\u017e\u00ed dlho,<\/b>\u00a0a pokia\u013e bude die\u0165a mal\u00e9, ur\u010dite ocen\u00ed, \u017ee sa mu do nej vojde ve\u013ea ply\u0161ov\u00fdch zvieratiek. Poste\u013e m\u00e1\u00a0<b>jednoduch\u00e9 l\u00ednie<\/b>, a preto sa \u013eahko kombinuje s in\u00fdmi doplnkami v izbi\u010dke. Kvalitu zaru\u010duje\u00a0<b>mas\u00edvne borovicov\u00e9 drevo<\/b>.<b>\u00a0Biela farba<\/b> postele d\u00e1va n\u00e1dych modernosti a elegancie. Poste\u013e odpor\u00fa\u010dame zak\u00fapi\u0165 s rolovan\u00fdm ro\u0161tom <a href=\"https:\/\/www.temponabytok.sk\/Search\/Fulltext?Query=ro%C5%A1t+90x200\">s rozmerom 90&#215;200 cm.<\/a><\/p>\n<div class=\"text\">\n<ul>\n<li><b>Materi\u00e1l:<\/b>\u00a0mas\u00edvne borovicov\u00e9 drevo<\/li>\n<li><b>Farba:\u00a0<\/b>biela<\/li>\n<li><b>Rozmery (\u0160xHxV):<\/b>\u00a098x205x53 cm<\/li>\n<li><b>Plocha na spanie (\u0160xD):<\/b>\u00a090&#215;200 cm<\/li>\n<li>Poste\u013e je dod\u00e1van\u00e1 bez ro\u0161tu a matraca<\/li>\n<li>Mo\u017enos\u0165 dok\u00fapi\u0165 matrac a ro\u0161t<\/li>\n<li>Dod\u00e1van\u00e9 v demonte<\/li>\n<\/ul>\n<table border=\"0\" cellspacing=\"1\" cellpadding=\"1\">\n<tbody>\n<tr>\n<td style=\"width: 32.1945%;\"><img decoding=\"async\" src=\"https:\/\/shop.tempo-kondela.sk\/Files\/2521000\/2521873\/montana.png\" alt=\"Matrac, penov\u00fd, 90x200, MONTANA\" \/><\/td>\n<td style=\"width: 67.2799%;\"><u><strong>Matrac MONTANA:<\/strong><\/u><\/p>\n<p><a href=\"https:\/\/nabytoklaguna.sk\/sk\/obchod\/spalne\/matrace\/tempo-kondela-montana\/\">https:\/\/nabytoklaguna.sk\/sk\/obchod\/spalne\/matrace\/tempo-kondela-montana\/<\/a><\/p>\n<p>&nbsp;<\/p>\n<p>&nbsp;<\/td>\n<\/tr>\n<tr>\n<td style=\"width: 32.1945%;\"><img decoding=\"async\" src=\"https:\/\/nabytoklaguna.sk\/sk\/wp-content\/uploads\/2017\/11\/80x200-610x609.jpg\" \/><\/td>\n<td style=\"width: 67.2799%;\"><strong><u>Matrac BE KATARINA:<\/u><\/strong><\/p>\n<p><a href=\"https:\/\/nabytoklaguna.sk\/sk\/obchod\/spalne\/matrace\/tempo-kondela-katarina-10\/\">https:\/\/nabytoklaguna.sk\/sk\/obchod\/spalne\/matrace\/tempo-kondela-katarina-10\/<\/a><\/td>\n<\/tr>\n<\/tbody>\n<\/table>\n<\/div>\n","protected":false},"excerpt":{"rendered":"<p>Poste\u013e LIVIO\u00a0si zamilujete nielen vy, ale aj va\u0161e ratolesti.\u00a0Vydr\u017e\u00ed dlho,\u00a0a pokia\u013e bude die\u0165a mal\u00e9, ur\u010dite ocen\u00ed, \u017ee sa mu do nej vojde ve\u013ea ply\u0161ov\u00fdch zvieratiek. Poste\u013e m\u00e1\u00a0jednoduch\u00e9 l\u00ednie, a preto sa \u013eahko kombinuje s in\u00fdmi doplnkami v izbi\u010dke. Kvalitu zaru\u010duje\u00a0mas\u00edvne borovicov\u00e9 drevo.\u00a0Biela farba postele d\u00e1va n\u00e1dych modernosti a elegancie. Poste\u013e odpor\u00fa\u010dame zak\u00fapi\u0165 s rolovan\u00fdm ro\u0161tom&#8230;<\/p>\n","protected":false},"featured_media":93603,"comment_status":"closed","ping_status":"closed","template":"","meta":{"_seopress_robots_primary_cat":"none","_seopress_titles_title":"","_seopress_titles_desc":"","_seopress_robots_index":""},"product_brand":[],"product_cat":[234,616],"product_tag":[],"class_list":{"0":"post-93588","1":"product","2":"type-product","3":"status-publish","4":"has-post-thumbnail","6":"product_cat-detske-postele","7":"product_cat-drevene-postele","8":"pa_farba-biela","9":"pa_farba-prirodna","10":"pa_typ-produktu-bez-rostu-a-matraca","11":"pa_typ-produktu-s-matracom-be-katarina-10-new","12":"pa_typ-produktu-s-matracom-montana","13":"pa_typ-produktu-s-rostom-bez-matraca-2","15":"first","16":"onbackorder","17":"shipping-taxable","18":"purchasable","19":"product-type-variable"},"_links":{"self":[{"href":"https:\/\/nabytoklaguna.sk\/sk\/wp-json\/wp\/v2\/product\/93588","targetHints":{"allow":["GET"]}}],"collection":[{"href":"https:\/\/nabytoklaguna.sk\/sk\/wp-json\/wp\/v2\/product"}],"about":[{"href":"https:\/\/nabytoklaguna.sk\/sk\/wp-json\/wp\/v2\/types\/product"}],"replies":[{"embeddable":true,"href":"https:\/\/nabytoklaguna.sk\/sk\/wp-json\/wp\/v2\/comments?post=93588"}],"wp:featuredmedia":[{"embeddable":true,"href":"https:\/\/nabytoklaguna.sk\/sk\/wp-json\/wp\/v2\/media\/93603"}],"wp:attachment":[{"href":"https:\/\/nabytoklaguna.sk\/sk\/wp-json\/wp\/v2\/media?parent=93588"}],"wp:term":[{"taxonomy":"product_brand","embeddable":true,"href":"https:\/\/nabytoklaguna.sk\/sk\/wp-json\/wp\/v2\/product_brand?post=93588"},{"taxonomy":"product_cat","embeddable":true,"href":"https:\/\/nabytoklaguna.sk\/sk\/wp-json\/wp\/v2\/product_cat?post=93588"},{"taxonomy":"product_tag","embeddable":true,"href":"https:\/\/nabytoklaguna.sk\/sk\/wp-json\/wp\/v2\/product_tag?post=93588"}],"curies":[{"name":"wp","href":"https:\/\/api.w.org\/{rel}","templated":true}]}}

<p><b>Posteľ LIVIO</b> si zamilujete nielen vy, ale aj vaše ratolesti. <b>Vydrží dlho,</b> a pokiaľ bude dieťa malé, určite ocení, že sa mu do nej vojde veľa plyšových zvieratiek. Posteľ má <b>jednoduché línie</b>, a preto sa ľahko kombinuje s inými doplnkami v izbičke. Kvalitu zaručuje <b>masívne borovicové drevo</b>.<b> Biela farba</b> postele dáva nádych modernosti a elegancie. Posteľ odporúčame zakúpiť s rolovaným roštom <a href="https://www.temponabytok.sk/Search/Fulltext?Query=ro%C5%A1t+90x200">s rozmerom 90&#215;200 cm.</a></p>
<div class="text">
<ul>
<li><b>Materiál:</b> masívne borovicové drevo</li>
<li><b>Farba: </b>biela</li>
<li><b>Rozmery (ŠxHxV):</b> 98x205x53 cm</li>
<li><b>Plocha na spanie (ŠxD):</b> 90&#215;200 cm</li>
<li>Posteľ je dodávaná bez roštu a matraca</li>
<li>Možnosť dokúpiť matrac a rošt</li>
<li>Dodávané v demonte</li>
</ul>
<table border="0" cellspacing="1" cellpadding="1">
<tbody>
<tr>
<td style="width: 32.1945%;"><img decoding="async" src="https://shop.tempo-kondela.sk/Files/2521000/2521873/montana.png" alt="Matrac, penový, 90x200, MONTANA" /></td>
<td style="width: 67.2799%;"><u><strong>Matrac MONTANA:</strong></u></p>
<p><a href="https://nabytoklaguna.sk/sk/obchod/spalne/matrace/tempo-kondela-montana/">https://nabytoklaguna.sk/sk/obchod/spalne/matrace/tempo-kondela-montana/</a></p>
<p>&nbsp;</p>
<p>&nbsp;</td>
</tr>
<tr>
<td style="width: 32.1945%;"><img decoding="async" src="https://nabytoklaguna.sk/sk/wp-content/uploads/2017/11/80x200-610x609.jpg" /></td>
<td style="width: 67.2799%;"><strong><u>Matrac BE KATARINA:</u></strong></p>
<p><a href="https://nabytoklaguna.sk/sk/obchod/spalne/matrace/tempo-kondela-katarina-10/">https://nabytoklaguna.sk/sk/obchod/spalne/matrace/tempo-kondela-katarina-10/</a></td>
</tr>
</tbody>
</table>
</div>

<p>Posteľ LIVIO si zamilujete nielen vy, ale aj vaše ratolesti. Vydrží dlho, a pokiaľ bude dieťa malé, určite ocení, že sa mu do nej vojde veľa plyšových zvieratiek. Posteľ má jednoduché línie, a preto sa ľahko kombinuje s inými doplnkami v izbičke. Kvalitu zaručuje masívne borovicové drevo. Biela farba postele dáva nádych modernosti a elegancie. Posteľ odporúčame zakúpiť s rolovaným roštom&#8230;</p>
