{"id":95055,"date":"2021-03-09T16:45:00","date_gmt":"2021-03-09T15:45:00","guid":{"rendered":"https:\/\/nabytoklaguna.sk\/sk\/?post_type=product&#038;p=95055"},"modified":"2026-04-01T03:59:02","modified_gmt":"2026-04-01T01:59:02","slug":"tv-1190","status":"publish","type":"product","link":"https:\/\/nabytoklaguna.sk\/sk\/produkt\/tv-1190\/","title":{"rendered":"AUT TV-1190"},"content":{"rendered":"<p>TV a relaxa\u010dn\u00e9 kreslo + elektrick\u00e9 polohovanie, 1 motor 230V \/ 29V, po\u0165ah \u0161ed\u00e1 l\u00e1tka.\u00a0Na\u0161e elegantn\u00e9 kreslo v sebe sp\u00e1ja retro dizajn s modernou technol\u00f3giou a je ide\u00e1lnym miestom na sn\u00edvanie a relax\u00e1ciu. Po\u0165ah je z pr\u00edjemnej a m\u00e4kkej l\u00e1tky \u0161edej farby.\u00a0Mas\u00edvna a kovov\u00e1 kon\u0161trukcia, polstrovanie z PU peny, vlnovce a spev\u0148uj\u00face popruhy dod\u00e1vaj\u00fa skvel\u00e9 pohodlie a pevnos\u0165. Integrovan\u00fd motor pom\u00e1ha nielen pri vst\u00e1van\u00ed, ale aj pri nastaven\u00ed relax\u00e1cie v akejko\u013evek po\u017eadovanej polohe. Ovl\u00e1danie pomocou k\u00e1blov\u00e9ho dia\u013ekov\u00e9ho ovl\u00e1da\u010da, umiestnen\u00e9ho v praktickej vrecku.\u00a0\u00dapln\u00fd rozklad zvl\u00e1dne kreslo za 16 sek\u00fand, v\u00fdklop za 13 sek\u00fand (neza\u0165a\u017een\u00e9).\u00a0\u0160\u00edrka podr\u00fa\u010dok je 11 cm, v\u00fd\u0161ka 56 cm.<\/p>\n<table>\n<tbody>\n<tr>\n<td class=\"popis\">Demontovan\u00e9:<\/td>\n<td>\u00e1no<\/td>\n<\/tr>\n<tr>\n<td class=\"popis\">H\u013abka (cm):<\/td>\n<td>84<br \/>\npri rozklade &#8211; 153 cm<\/td>\n<\/tr>\n<tr>\n<td class=\"popis\">H\u013abka sedu:<\/td>\n<td>49 cm<\/td>\n<\/tr>\n<tr>\n<td class=\"popis\">Karton1:<\/td>\n<td>43,25 kg<br \/>\n74x57x52,5 cm<\/td>\n<\/tr>\n<tr>\n<td class=\"popis\">Materi\u00e1l kostry:<\/td>\n<td>kov<br \/>\nmasiv drevo<\/td>\n<\/tr>\n<tr>\n<td class=\"popis\">Nosnos\u0165 (kg):<\/td>\n<td>120<\/td>\n<\/tr>\n<tr>\n<td class=\"popis\">Po\u010det balen\u00ed:<\/td>\n<td>1<\/td>\n<\/tr>\n<tr>\n<td class=\"popis\">\u0160t\u00fdl:<\/td>\n<td>Retro<\/td>\n<\/tr>\n<tr>\n<td class=\"popis\">\u0160\u00edrka (cm):<\/td>\n<td>75<\/td>\n<\/tr>\n<tr>\n<td class=\"popis\">\u0160\u00edrka sedu:<\/td>\n<td>48 cm<\/td>\n<\/tr>\n<tr>\n<td class=\"popis\">V\u00fd\u0161ka (cm):<\/td>\n<td>99<br \/>\npri rozklade &#8211; 86 cm<br \/>\npri v\u00fdklopu &#8211; 135 cm<\/td>\n<\/tr>\n<tr>\n<td class=\"popis\">V\u00fd\u0161ka sedu:<\/td>\n<td>44 cm<\/td>\n<\/tr>\n<tr>\n<td class=\"popis\">Materi\u00e1l nohou:<\/td>\n<td>kov<\/td>\n<\/tr>\n<tr>\n<td class=\"popis\">Farba nohou:<\/td>\n<td>\u010dierna<\/td>\n<\/tr>\n<tr>\n<td class=\"popis\">Farba kostry:<\/td>\n<td>\u010dierna<br \/>\npr\u00edrodn\u00e1<\/td>\n<\/tr>\n<tr>\n<td class=\"popis\">Farba po\u0165ahu:<\/td>\n<td>hned\u00e1<\/td>\n<\/tr>\n<tr>\n<td class=\"popis\">Materi\u00e1l po\u0165ahu:<\/td>\n<td>l\u00e1tka<\/td>\n<\/tr>\n<tr>\n<td class=\"popis\">Gram\u00e1\u017e po\u0165ahu:<\/td>\n<td>270 g\/m2<\/td>\n<\/tr>\n<tr>\n<td class=\"popis\">Martindale:<\/td>\n<td>20 000 ot.<\/td>\n<\/tr>\n<tr>\n<td class=\"popis\">Zlo\u017eenie po\u0165ahu:<\/td>\n<td>100% polyester<\/td>\n<\/tr>\n<tr>\n<td class=\"popis\">V\u00fdstuhy sed\u00e1ku:<\/td>\n<td>elastick\u00e9 popruhy<br \/>\nvlnovce<\/td>\n<\/tr>\n<tr>\n<td class=\"popis\">Materi\u00e1l v\u00fdplne:<\/td>\n<td>PU pena<\/td>\n<\/tr>\n<tr>\n<td class=\"popis\">Hustota v\u00fdplne:<\/td>\n<td>Oper\u00e1k &#8211; 24 kg\/m3<br \/>\nOpierky &#8211; 18 kg\/m3<br \/>\nSed\u00e1k &#8211; 28 kg\/m3<\/td>\n<\/tr>\n<tr>\n<td class=\"popis\">Modelov\u00e1 rada:<\/td>\n<td>U\u0161\u00e1k mini<\/td>\n<\/tr>\n<tr>\n<td class=\"popis\">Funkcie 1:<\/td>\n<td>relax I<br \/>\nrelax II<br \/>\nv\u00fdklop<\/td>\n<\/tr>\n<tr>\n<td class=\"popis\">Motor:<\/td>\n<td>1 x<br \/>\n230V \/ 29V<br \/>\n58 W<\/td>\n<\/tr>\n<tr>\n<td class=\"popis\">Ovl\u00e1d\u00e1nie:<\/td>\n<td>elektrick\u00e9 k\u00e1blov\u00e9<\/td>\n<\/tr>\n<\/tbody>\n<\/table>\n","protected":false},"excerpt":{"rendered":"<p>TV a relaxa\u010dn\u00e9 kreslo + elektrick\u00e9 polohovanie, 1 motor 230V \/ 29V, po\u0165ah \u0161ed\u00e1 l\u00e1tka.\u00a0Na\u0161e elegantn\u00e9 kreslo v sebe sp\u00e1ja retro dizajn s modernou technol\u00f3giou a je ide\u00e1lnym miestom na sn\u00edvanie a relax\u00e1ciu. Po\u0165ah je z pr\u00edjemnej a m\u00e4kkej l\u00e1tky \u0161edej farby.\u00a0Mas\u00edvna a kovov\u00e1 kon\u0161trukcia, polstrovanie z PU peny, vlnovce a spev\u0148uj\u00face popruhy dod\u00e1vaj\u00fa skvel\u00e9&#8230;<\/p>\n","protected":false},"featured_media":95059,"comment_status":"closed","ping_status":"closed","template":"","meta":{"_seopress_robots_primary_cat":"none","_seopress_titles_title":"","_seopress_titles_desc":"","_seopress_robots_index":""},"product_brand":[],"product_cat":[231],"product_tag":[],"class_list":{"0":"post-95055","1":"product","2":"type-product","3":"status-publish","4":"has-post-thumbnail","6":"product_cat-kresla","7":"pa_farba-hneda","8":"pa_farba-siva","10":"first","11":"onbackorder","12":"shipping-taxable","13":"purchasable","14":"product-type-variable"},"_links":{"self":[{"href":"https:\/\/nabytoklaguna.sk\/sk\/wp-json\/wp\/v2\/product\/95055","targetHints":{"allow":["GET"]}}],"collection":[{"href":"https:\/\/nabytoklaguna.sk\/sk\/wp-json\/wp\/v2\/product"}],"about":[{"href":"https:\/\/nabytoklaguna.sk\/sk\/wp-json\/wp\/v2\/types\/product"}],"replies":[{"embeddable":true,"href":"https:\/\/nabytoklaguna.sk\/sk\/wp-json\/wp\/v2\/comments?post=95055"}],"wp:featuredmedia":[{"embeddable":true,"href":"https:\/\/nabytoklaguna.sk\/sk\/wp-json\/wp\/v2\/media\/95059"}],"wp:attachment":[{"href":"https:\/\/nabytoklaguna.sk\/sk\/wp-json\/wp\/v2\/media?parent=95055"}],"wp:term":[{"taxonomy":"product_brand","embeddable":true,"href":"https:\/\/nabytoklaguna.sk\/sk\/wp-json\/wp\/v2\/product_brand?post=95055"},{"taxonomy":"product_cat","embeddable":true,"href":"https:\/\/nabytoklaguna.sk\/sk\/wp-json\/wp\/v2\/product_cat?post=95055"},{"taxonomy":"product_tag","embeddable":true,"href":"https:\/\/nabytoklaguna.sk\/sk\/wp-json\/wp\/v2\/product_tag?post=95055"}],"curies":[{"name":"wp","href":"https:\/\/api.w.org\/{rel}","templated":true}]}}

<p>TV a relaxačné kreslo + elektrické polohovanie, 1 motor 230V / 29V, poťah šedá látka. Naše elegantné kreslo v sebe spája retro dizajn s modernou technológiou a je ideálnym miestom na snívanie a relaxáciu. Poťah je z príjemnej a mäkkej látky šedej farby. Masívna a kovová konštrukcia, polstrovanie z PU peny, vlnovce a spevňujúce popruhy dodávajú skvelé pohodlie a pevnosť. Integrovaný motor pomáha nielen pri vstávaní, ale aj pri nastavení relaxácie v akejkoľvek požadovanej polohe. Ovládanie pomocou káblového diaľkového ovládača, umiestneného v praktickej vrecku. Úplný rozklad zvládne kreslo za 16 sekúnd, výklop za 13 sekúnd (nezaťažené). Šírka podrúčok je 11 cm, výška 56 cm.</p>
<table>
<tbody>
<tr>
<td class="popis">Demontované:</td>
<td>áno</td>
</tr>
<tr>
<td class="popis">Hĺbka (cm):</td>
<td>84<br />
pri rozklade &#8211; 153 cm</td>
</tr>
<tr>
<td class="popis">Hĺbka sedu:</td>
<td>49 cm</td>
</tr>
<tr>
<td class="popis">Karton1:</td>
<td>43,25 kg<br />
74x57x52,5 cm</td>
</tr>
<tr>
<td class="popis">Materiál kostry:</td>
<td>kov<br />
masiv drevo</td>
</tr>
<tr>
<td class="popis">Nosnosť (kg):</td>
<td>120</td>
</tr>
<tr>
<td class="popis">Počet balení:</td>
<td>1</td>
</tr>
<tr>
<td class="popis">Štýl:</td>
<td>Retro</td>
</tr>
<tr>
<td class="popis">Šírka (cm):</td>
<td>75</td>
</tr>
<tr>
<td class="popis">Šírka sedu:</td>
<td>48 cm</td>
</tr>
<tr>
<td class="popis">Výška (cm):</td>
<td>99<br />
pri rozklade &#8211; 86 cm<br />
pri výklopu &#8211; 135 cm</td>
</tr>
<tr>
<td class="popis">Výška sedu:</td>
<td>44 cm</td>
</tr>
<tr>
<td class="popis">Materiál nohou:</td>
<td>kov</td>
</tr>
<tr>
<td class="popis">Farba nohou:</td>
<td>čierna</td>
</tr>
<tr>
<td class="popis">Farba kostry:</td>
<td>čierna<br />
prírodná</td>
</tr>
<tr>
<td class="popis">Farba poťahu:</td>
<td>hnedá</td>
</tr>
<tr>
<td class="popis">Materiál poťahu:</td>
<td>látka</td>
</tr>
<tr>
<td class="popis">Gramáž poťahu:</td>
<td>270 g/m2</td>
</tr>
<tr>
<td class="popis">Martindale:</td>
<td>20 000 ot.</td>
</tr>
<tr>
<td class="popis">Zloženie poťahu:</td>
<td>100% polyester</td>
</tr>
<tr>
<td class="popis">Výstuhy sedáku:</td>
<td>elastické popruhy<br />
vlnovce</td>
</tr>
<tr>
<td class="popis">Materiál výplne:</td>
<td>PU pena</td>
</tr>
<tr>
<td class="popis">Hustota výplne:</td>
<td>Operák &#8211; 24 kg/m3<br />
Opierky &#8211; 18 kg/m3<br />
Sedák &#8211; 28 kg/m3</td>
</tr>
<tr>
<td class="popis">Modelová rada:</td>
<td>Ušák mini</td>
</tr>
<tr>
<td class="popis">Funkcie 1:</td>
<td>relax I<br />
relax II<br />
výklop</td>
</tr>
<tr>
<td class="popis">Motor:</td>
<td>1 x<br />
230V / 29V<br />
58 W</td>
</tr>
<tr>
<td class="popis">Ovládánie:</td>
<td>elektrické káblové</td>
</tr>
</tbody>
</table>

<p>TV a relaxačné kreslo + elektrické polohovanie, 1 motor 230V / 29V, poťah šedá látka. Naše elegantné kreslo v sebe spája retro dizajn s modernou technológiou a je ideálnym miestom na snívanie a relaxáciu. Poťah je z príjemnej a mäkkej látky šedej farby. Masívna a kovová konštrukcia, polstrovanie z PU peny, vlnovce a spevňujúce popruhy dodávajú skvelé&#8230;</p>
