{"id":95203,"date":"2021-03-12T15:17:29","date_gmt":"2021-03-12T14:17:29","guid":{"rendered":"https:\/\/nabytoklaguna.sk\/sk\/?post_type=product&#038;p=95203"},"modified":"2026-04-01T03:59:02","modified_gmt":"2026-04-01T01:59:02","slug":"tv-4086","status":"publish","type":"product","link":"https:\/\/nabytoklaguna.sk\/sk\/produkt\/tv-4086\/","title":{"rendered":"AUT TV-4086"},"content":{"rendered":"<p>Elegantn\u00e9, extra polstrovan\u00e9 a ve\u013emi pohodln\u00e9 polohovate\u013en\u00e9 TV a relaxa\u010dn\u00e9 kreslo z kolekcie Comfort Artium. Po\u0165ah je z l\u00e1tky v dekoru vintage ko\u017ee. Kostra je z mas\u00edvneho dreva. Mechanick\u00e1 kon\u0161trukcia je kovov\u00e1 s kvalitn\u00fdm pr\u00e1\u0161kov\u00fdm n\u00e1strekom v \u010diernej farbe. V\u00fdpl\u0148 z PU peny 28 kg\/m2 na sedac\u00edch ploch\u00e1ch, 22 kg\/m2 na ostatn\u00fdch ploch\u00e1ch. V miestach sed\u00e1ku s\u00fa vlnovcov\u00e9 pru\u017einy a elastick\u00e9 popruhy pre spevnenie. Funkcie \u2013 polohovate\u013en\u00e9 v dvoch poz\u00edci\u00e1ch s aret\u00e1ciou. Nosnos\u0165 kresla je 130 kg.<br \/>\nJe stesnen\u00edm pohody a relax\u00e1cie. Hod\u00ed sa do ak\u00e9hoko\u013evek \u0161t\u00fdlovo zariaden\u00e9ho interi\u00e9ru a v ka\u017edom bude p\u00f4sobi\u0165 ako skvel\u00fd a hlavne pohodln\u00fd solit\u00e9r.<\/p>\n<p>Rozmer: 82 x 90 x 103 x 48 cm<\/p>\n<p>&nbsp;<\/p>\n","protected":false},"excerpt":{"rendered":"<p>Elegantn\u00e9, extra polstrovan\u00e9 a ve\u013emi pohodln\u00e9 polohovate\u013en\u00e9 TV a relaxa\u010dn\u00e9 kreslo z kolekcie Comfort Artium. Po\u0165ah je z l\u00e1tky v dekoru vintage ko\u017ee. Kostra je z mas\u00edvneho dreva. Mechanick\u00e1 kon\u0161trukcia je kovov\u00e1 s kvalitn\u00fdm pr\u00e1\u0161kov\u00fdm n\u00e1strekom v \u010diernej farbe. V\u00fdpl\u0148 z PU peny 28 kg\/m2 na sedac\u00edch ploch\u00e1ch, 22 kg\/m2 na ostatn\u00fdch ploch\u00e1ch. V miestach&#8230;<\/p>\n","protected":false},"featured_media":95205,"comment_status":"closed","ping_status":"closed","template":"","meta":{"_seopress_robots_primary_cat":"none","_seopress_titles_title":"","_seopress_titles_desc":"","_seopress_robots_index":""},"product_brand":[],"product_cat":[231],"product_tag":[],"class_list":{"0":"post-95203","1":"product","2":"type-product","3":"status-publish","4":"has-post-thumbnail","6":"product_cat-kresla","7":"pa_farba-hneda","8":"pa_farba-siva","10":"first","11":"onbackorder","12":"shipping-taxable","13":"purchasable","14":"product-type-variable"},"_links":{"self":[{"href":"https:\/\/nabytoklaguna.sk\/sk\/wp-json\/wp\/v2\/product\/95203","targetHints":{"allow":["GET"]}}],"collection":[{"href":"https:\/\/nabytoklaguna.sk\/sk\/wp-json\/wp\/v2\/product"}],"about":[{"href":"https:\/\/nabytoklaguna.sk\/sk\/wp-json\/wp\/v2\/types\/product"}],"replies":[{"embeddable":true,"href":"https:\/\/nabytoklaguna.sk\/sk\/wp-json\/wp\/v2\/comments?post=95203"}],"wp:featuredmedia":[{"embeddable":true,"href":"https:\/\/nabytoklaguna.sk\/sk\/wp-json\/wp\/v2\/media\/95205"}],"wp:attachment":[{"href":"https:\/\/nabytoklaguna.sk\/sk\/wp-json\/wp\/v2\/media?parent=95203"}],"wp:term":[{"taxonomy":"product_brand","embeddable":true,"href":"https:\/\/nabytoklaguna.sk\/sk\/wp-json\/wp\/v2\/product_brand?post=95203"},{"taxonomy":"product_cat","embeddable":true,"href":"https:\/\/nabytoklaguna.sk\/sk\/wp-json\/wp\/v2\/product_cat?post=95203"},{"taxonomy":"product_tag","embeddable":true,"href":"https:\/\/nabytoklaguna.sk\/sk\/wp-json\/wp\/v2\/product_tag?post=95203"}],"curies":[{"name":"wp","href":"https:\/\/api.w.org\/{rel}","templated":true}]}}

<p>Elegantné, extra polstrované a veľmi pohodlné polohovateľné TV a relaxačné kreslo z kolekcie Comfort Artium. Poťah je z látky v dekoru vintage kože. Kostra je z masívneho dreva. Mechanická konštrukcia je kovová s kvalitným práškovým nástrekom v čiernej farbe. Výplň z PU peny 28 kg/m2 na sedacích plochách, 22 kg/m2 na ostatných plochách. V miestach sedáku sú vlnovcové pružiny a elastické popruhy pre spevnenie. Funkcie – polohovateľné v dvoch pozíciách s aretáciou. Nosnosť kresla je 130 kg.<br />
Je stesnením pohody a relaxácie. Hodí sa do akéhokoľvek štýlovo zariadeného interiéru a v každom bude pôsobiť ako skvelý a hlavne pohodlný solitér.</p>
<p>Rozmer: 82 x 90 x 103 x 48 cm</p>
<p>&nbsp;</p>

<p>Elegantné, extra polstrované a veľmi pohodlné polohovateľné TV a relaxačné kreslo z kolekcie Comfort Artium. Poťah je z látky v dekoru vintage kože. Kostra je z masívneho dreva. Mechanická konštrukcia je kovová s kvalitným práškovým nástrekom v čiernej farbe. Výplň z PU peny 28 kg/m2 na sedacích plochách, 22 kg/m2 na ostatných plochách. V miestach&#8230;</p>
