{"id":97420,"date":"2021-04-13T11:47:28","date_gmt":"2021-04-13T09:47:28","guid":{"rendered":"https:\/\/nabytoklaguna.sk\/sk\/?post_type=product&#038;p=97420"},"modified":"2025-02-24T14:59:11","modified_gmt":"2025-02-24T13:59:11","slug":"tv-1192","status":"publish","type":"product","link":"https:\/\/nabytoklaguna.sk\/sk\/produkt\/tv-1192\/","title":{"rendered":"AUT TV-1192"},"content":{"rendered":"<p>Elegantn\u00e9 kreslo v retro dizajne v sebe sp\u00e1ja relax\u00e1ciu a pohodlie. Po\u0165ah s pr\u00edjemnej l\u00e1tky v imit\u00e1cii ko\u017ee vo variantoch tmavosivej &#8211; GREY2 a hnedej &#8211; SIL2. Ovl\u00e1dan\u00e9 je pomocou k\u00e1blov\u00e9ho dia\u013ekov\u00e9ho ovl\u00e1da\u010da, pre ktor\u00fd je navrhnut\u00e1 pr\u00eddavn\u00e1 kapsa na boku. Kapsu na\u00a0 \u010fal\u0161ej strane m\u00f4\u017eete vyu\u017ei\u0165 na odkladanie kni\u017eky, ovl\u00e1da\u010du na TV&#8230; Rozklad zvl\u00e1dne kreslo za 16 sek\u00fand a vyklop za 13 sek\u00fand. Motor zaru\u010d\u00ed lep\u0161ie vst\u00e1vanie z r\u00f4znych pol\u00f4h. Mas\u00edvna a kovov\u00e1 kon\u0161trukcia, polstrovanie z PU peny, vlnovcov\u00e9 pru\u017einy a spev\u0148uj\u00face popruhy poskytuj\u00fa pr\u00edjemn\u00e9 sedenie, dlh\u00fa trv\u00e1cnos\u0165 a kvalitu. S t\u00fdmto v\u0161etk\u00fdm budete ma\u0165 v\u0161etko potrebn\u00e9 poruke a nebudete chcie\u0165 z kresla ani vsta\u0165.<\/p>\n<p><strong>Parametre:<\/strong><\/p>\n<ul>\n<li>V\u00fd\u0161ka: 99 cm<\/li>\n<li>\u0160\u00edrka: 75 cm<\/li>\n<li>H\u013abka: 84cm<\/li>\n<li>Nosnos\u0165 (kg): 120<\/li>\n<li>Volite\u013en\u00fd po\u0165ah: Nie<\/li>\n<li>V\u00fd\u0161ka sedu: 44 cm<\/li>\n<li>\u0160\u00edrka sedu: 48 cm<\/li>\n<li>H\u013abka sedu: 49 cm<\/li>\n<\/ul>\n","protected":false},"excerpt":{"rendered":"<p>Elegantn\u00e9 kreslo v retro dizajne v sebe sp\u00e1ja relax\u00e1ciu a pohodlie. Po\u0165ah s pr\u00edjemnej l\u00e1tky v imit\u00e1cii ko\u017ee vo variantoch tmavosivej &#8211; GREY2 a hnedej &#8211; SIL2. Ovl\u00e1dan\u00e9 je pomocou k\u00e1blov\u00e9ho dia\u013ekov\u00e9ho ovl\u00e1da\u010da, pre ktor\u00fd je navrhnut\u00e1 pr\u00eddavn\u00e1 kapsa na boku. Kapsu na\u00a0 \u010fal\u0161ej strane m\u00f4\u017eete vyu\u017ei\u0165 na odkladanie kni\u017eky, ovl\u00e1da\u010du na TV&#8230; Rozklad zvl\u00e1dne&#8230;<\/p>\n","protected":false},"featured_media":97422,"comment_status":"closed","ping_status":"closed","template":"","meta":{"_seopress_robots_primary_cat":"none","_seopress_titles_title":"","_seopress_titles_desc":"","_seopress_robots_index":""},"product_brand":[],"product_cat":[231],"product_tag":[],"class_list":{"0":"post-97420","1":"product","2":"type-product","3":"status-publish","4":"has-post-thumbnail","6":"product_cat-kresla","7":"pa_farba-grey2","8":"pa_farba-sil2","10":"first","11":"onbackorder","12":"shipping-taxable","13":"purchasable","14":"product-type-variable"},"_links":{"self":[{"href":"https:\/\/nabytoklaguna.sk\/sk\/wp-json\/wp\/v2\/product\/97420","targetHints":{"allow":["GET"]}}],"collection":[{"href":"https:\/\/nabytoklaguna.sk\/sk\/wp-json\/wp\/v2\/product"}],"about":[{"href":"https:\/\/nabytoklaguna.sk\/sk\/wp-json\/wp\/v2\/types\/product"}],"replies":[{"embeddable":true,"href":"https:\/\/nabytoklaguna.sk\/sk\/wp-json\/wp\/v2\/comments?post=97420"}],"wp:featuredmedia":[{"embeddable":true,"href":"https:\/\/nabytoklaguna.sk\/sk\/wp-json\/wp\/v2\/media\/97422"}],"wp:attachment":[{"href":"https:\/\/nabytoklaguna.sk\/sk\/wp-json\/wp\/v2\/media?parent=97420"}],"wp:term":[{"taxonomy":"product_brand","embeddable":true,"href":"https:\/\/nabytoklaguna.sk\/sk\/wp-json\/wp\/v2\/product_brand?post=97420"},{"taxonomy":"product_cat","embeddable":true,"href":"https:\/\/nabytoklaguna.sk\/sk\/wp-json\/wp\/v2\/product_cat?post=97420"},{"taxonomy":"product_tag","embeddable":true,"href":"https:\/\/nabytoklaguna.sk\/sk\/wp-json\/wp\/v2\/product_tag?post=97420"}],"curies":[{"name":"wp","href":"https:\/\/api.w.org\/{rel}","templated":true}]}}

<p>Elegantné kreslo v retro dizajne v sebe spája relaxáciu a pohodlie. Poťah s príjemnej látky v imitácii kože vo variantoch tmavosivej &#8211; GREY2 a hnedej &#8211; SIL2. Ovládané je pomocou káblového diaľkového ovládača, pre ktorý je navrhnutá prídavná kapsa na boku. Kapsu na  ďalšej strane môžete využiť na odkladanie knižky, ovládaču na TV&#8230; Rozklad zvládne kreslo za 16 sekúnd a vyklop za 13 sekúnd. Motor zaručí lepšie vstávanie z rôznych polôh. Masívna a kovová konštrukcia, polstrovanie z PU peny, vlnovcové pružiny a spevňujúce popruhy poskytujú príjemné sedenie, dlhú trvácnosť a kvalitu. S týmto všetkým budete mať všetko potrebné poruke a nebudete chcieť z kresla ani vstať.</p>
<p><strong>Parametre:</strong></p>
<ul>
<li>Výška: 99 cm</li>
<li>Šírka: 75 cm</li>
<li>Hĺbka: 84cm</li>
<li>Nosnosť (kg): 120</li>
<li>Voliteľný poťah: Nie</li>
<li>Výška sedu: 44 cm</li>
<li>Šírka sedu: 48 cm</li>
<li>Hĺbka sedu: 49 cm</li>
</ul>

<p>Elegantné kreslo v retro dizajne v sebe spája relaxáciu a pohodlie. Poťah s príjemnej látky v imitácii kože vo variantoch tmavosivej &#8211; GREY2 a hnedej &#8211; SIL2. Ovládané je pomocou káblového diaľkového ovládača, pre ktorý je navrhnutá prídavná kapsa na boku. Kapsu na  ďalšej strane môžete využiť na odkladanie knižky, ovládaču na TV&#8230; Rozklad zvládne&#8230;</p>
