{"id":98133,"date":"2021-04-21T16:04:25","date_gmt":"2021-04-21T14:04:25","guid":{"rendered":"https:\/\/nabytoklaguna.sk\/sk\/?post_type=product&#038;p=98133"},"modified":"2025-02-19T13:58:21","modified_gmt":"2025-02-19T12:58:21","slug":"tempo-kondela-maruti","status":"publish","type":"product","link":"https:\/\/nabytoklaguna.sk\/sk\/produkt\/tempo-kondela-maruti\/","title":{"rendered":"TK MARUTI"},"content":{"rendered":"<p>T\u00e1to rohov\u00e1 seda\u010dka V\u00e1s zaujme svoj\u00edm zauj\u00edmav\u00fdm vzh\u013eadom. Jej dokonal\u00fd povrch a biele kontrastn\u00e9 pre\u0161itie v\u00e1s o\u010dar\u00ed na prv\u00fd poh\u013ead. Kombin\u00e1cia bielej ekoko\u017ee s hladkou l\u00e1tkou Nemo 17 v \u010diernom preveden\u00ed jej dod\u00e1 na ve\u013emi \u010distom a modernom vzh\u013eade, zaru\u010d\u00ed najvy\u0161\u0161\u00ed komfort. \u010eal\u0161ie Pre, pre\u010do sa rozhodn\u00fa\u0165 je pre tento produkt je priestrann\u00fd \u00falo\u017en\u00fd priestor a\u00a0 rozklad. Seda\u010dka m\u00e1 ergonomick\u00e9 tvary a je vhodn\u00e1 do priestoru ako aj rohu. V\u00fd\u0161ka spodn\u00e9ho priestoru 5 cm od podlahy v\u00e1m dovol\u00ed udr\u017eiava\u0165 aj priestor pod n\u00e1bytkom.<\/p>\n<p>Mo\u017enos\u0165 objednania\u00a0 v 4 farebn\u00fdch odtie\u0148och ekoko\u017ee a v 4 farebn\u00fdch odtie\u0148och l\u00e1tky Nemo v cene 919 \u20ac.<\/p>\n<p><strong>Materi\u00e1l:<\/strong> ekoko\u017ea\/l\u00e1tka<\/p>\n<p><strong>Farba<\/strong>: biela\/\u010dierna<\/p>\n<h3 class=\"page-product-heading\">VLASTNOSTI<\/h3>\n<table class=\"table-data-sheet\">\n<tbody>\n<tr class=\"odd\">\n<td>H\u013abka<\/td>\n<td>160 cm<\/td>\n<\/tr>\n<tr class=\"even\">\n<td>\u0160\u00edrka<\/td>\n<td>250 cm<\/td>\n<\/tr>\n<tr class=\"odd\">\n<td>V\u00fd\u0161ka<\/td>\n<td>83 cm<\/td>\n<\/tr>\n<tr class=\"even\">\n<td>Vhodn\u00e1 miestnos\u0165<\/td>\n<td>ob\u00fdva\u010dka, spolo\u010densk\u00e1 miestnos\u0165, hotely, kaviarne<\/td>\n<\/tr>\n<tr class=\"odd\">\n<td>Typ n\u00e1bytku<\/td>\n<td>rohov\u00e1 sedacia s\u00faprava<\/td>\n<\/tr>\n<tr class=\"even\">\n<td>\u0160t\u00fdl n\u00e1bytku<\/td>\n<td>modern\u00fd<\/td>\n<\/tr>\n<tr class=\"odd\">\n<td>Z\u00e1ruka<\/td>\n<td>2 roky<\/td>\n<\/tr>\n<tr class=\"even\">\n<td>Sp\u00f4sob dodania<\/td>\n<td>demont v dvoch bal\u00edkoch<\/td>\n<\/tr>\n<tr class=\"odd\">\n<td>Hmotnos\u0165<\/td>\n<td>109 kg<\/td>\n<\/tr>\n<tr class=\"even\">\n<td>\u00dalo\u017en\u00fd priestor<\/td>\n<td>\u00e1no<\/td>\n<\/tr>\n<tr class=\"odd\">\n<td>Rohov\u00e9 prevedenie<\/td>\n<td>\u00e1no<\/td>\n<\/tr>\n<tr class=\"even\">\n<td>V\u00fd\u0161ka sed\u00e1ka<\/td>\n<td>41 cm<\/td>\n<\/tr>\n<tr class=\"odd\">\n<td>V\u00fd\u0161ka zadn\u00e9ho \u010dela<\/td>\n<td>max. 83 cm<\/td>\n<\/tr>\n<tr class=\"even\">\n<td>Mo\u017enos\u0165 rozkladania<\/td>\n<td>\u00e1no<\/td>\n<\/tr>\n<tr class=\"odd\">\n<td>Plocha na spanie<\/td>\n<td>120\u00d7200 cm<\/td>\n<\/tr>\n<tr class=\"even\">\n<td>Kon\u0161trukcia<\/td>\n<td>DTD<\/td>\n<\/tr>\n<tr class=\"odd\">\n<td>N\u00f4\u017eky<\/td>\n<td>dreven\u00e9<\/td>\n<\/tr>\n<tr class=\"even\">\n<td>Obsahuje vank\u00fa\u0161e<\/td>\n<td>\u00e1no<\/td>\n<\/tr>\n<tr class=\"odd\">\n<td>Nastavenie opierok<\/td>\n<td>nie<\/td>\n<\/tr>\n<tr class=\"even\">\n<td>V\u00fdpl\u0148 seda\u010dky<\/td>\n<td>pru\u017eina<\/td>\n<\/tr>\n<\/tbody>\n<\/table>\n<p><iframe loading=\"lazy\" title=\"MARUTI, sedacia s\u00faprava, Tempo Kondela, www.temponabytok.sk\" width=\"980\" height=\"551\" src=\"https:\/\/www.youtube.com\/embed\/Edmv878Yx6o?feature=oembed&#038;enablejsapi=1&#038;origin=https:\/\/nabytoklaguna.sk\" frameborder=\"0\" allow=\"accelerometer; autoplay; clipboard-write; encrypted-media; gyroscope; picture-in-picture; web-share\" referrerpolicy=\"strict-origin-when-cross-origin\" allowfullscreen><\/iframe><\/p>\n","protected":false},"excerpt":{"rendered":"<p>T\u00e1to rohov\u00e1 seda\u010dka V\u00e1s zaujme svoj\u00edm zauj\u00edmav\u00fdm vzh\u013eadom. Jej dokonal\u00fd povrch a biele kontrastn\u00e9 pre\u0161itie v\u00e1s o\u010dar\u00ed na prv\u00fd poh\u013ead. Kombin\u00e1cia bielej ekoko\u017ee s hladkou l\u00e1tkou Nemo 17 v \u010diernom preveden\u00ed jej dod\u00e1 na ve\u013emi \u010distom a modernom vzh\u013eade, zaru\u010d\u00ed najvy\u0161\u0161\u00ed komfort. \u010eal\u0161ie Pre, pre\u010do sa rozhodn\u00fa\u0165 je pre tento produkt je priestrann\u00fd \u00falo\u017en\u00fd priestor&#8230;<\/p>\n","protected":false},"featured_media":98135,"comment_status":"closed","ping_status":"closed","template":"","meta":{"_seopress_robots_primary_cat":"none","_seopress_titles_title":"","_seopress_titles_desc":"","_seopress_robots_index":""},"product_brand":[],"product_cat":[255],"product_tag":[],"class_list":{"0":"post-98133","1":"product","2":"type-product","3":"status-publish","4":"has-post-thumbnail","6":"product_cat-rohove-supravy","8":"first","9":"onbackorder","10":"shipping-taxable","11":"purchasable","12":"product-type-variable"},"_links":{"self":[{"href":"https:\/\/nabytoklaguna.sk\/sk\/wp-json\/wp\/v2\/product\/98133","targetHints":{"allow":["GET"]}}],"collection":[{"href":"https:\/\/nabytoklaguna.sk\/sk\/wp-json\/wp\/v2\/product"}],"about":[{"href":"https:\/\/nabytoklaguna.sk\/sk\/wp-json\/wp\/v2\/types\/product"}],"replies":[{"embeddable":true,"href":"https:\/\/nabytoklaguna.sk\/sk\/wp-json\/wp\/v2\/comments?post=98133"}],"wp:featuredmedia":[{"embeddable":true,"href":"https:\/\/nabytoklaguna.sk\/sk\/wp-json\/wp\/v2\/media\/98135"}],"wp:attachment":[{"href":"https:\/\/nabytoklaguna.sk\/sk\/wp-json\/wp\/v2\/media?parent=98133"}],"wp:term":[{"taxonomy":"product_brand","embeddable":true,"href":"https:\/\/nabytoklaguna.sk\/sk\/wp-json\/wp\/v2\/product_brand?post=98133"},{"taxonomy":"product_cat","embeddable":true,"href":"https:\/\/nabytoklaguna.sk\/sk\/wp-json\/wp\/v2\/product_cat?post=98133"},{"taxonomy":"product_tag","embeddable":true,"href":"https:\/\/nabytoklaguna.sk\/sk\/wp-json\/wp\/v2\/product_tag?post=98133"}],"curies":[{"name":"wp","href":"https:\/\/api.w.org\/{rel}","templated":true}]}}

<p>Táto rohová sedačka Vás zaujme svojím zaujímavým vzhľadom. Jej dokonalý povrch a biele kontrastné prešitie vás očarí na prvý pohľad. Kombinácia bielej ekokože s hladkou látkou Nemo 17 v čiernom prevedení jej dodá na veľmi čistom a modernom vzhľade, zaručí najvyšší komfort. Ďalšie Pre, prečo sa rozhodnúť je pre tento produkt je priestranný úložný priestor a  rozklad. Sedačka má ergonomické tvary a je vhodná do priestoru ako aj rohu. Výška spodného priestoru 5 cm od podlahy vám dovolí udržiavať aj priestor pod nábytkom.</p>
<p>Možnosť objednania  v 4 farebných odtieňoch ekokože a v 4 farebných odtieňoch látky Nemo v cene 919 €.</p>
<p><strong>Materiál:</strong> ekokoža/látka</p>
<p><strong>Farba</strong>: biela/čierna</p>
<h3 class="page-product-heading">VLASTNOSTI</h3>
<table class="table-data-sheet">
<tbody>
<tr class="odd">
<td>Hĺbka</td>
<td>160 cm</td>
</tr>
<tr class="even">
<td>Šírka</td>
<td>250 cm</td>
</tr>
<tr class="odd">
<td>Výška</td>
<td>83 cm</td>
</tr>
<tr class="even">
<td>Vhodná miestnosť</td>
<td>obývačka, spoločenská miestnosť, hotely, kaviarne</td>
</tr>
<tr class="odd">
<td>Typ nábytku</td>
<td>rohová sedacia súprava</td>
</tr>
<tr class="even">
<td>Štýl nábytku</td>
<td>moderný</td>
</tr>
<tr class="odd">
<td>Záruka</td>
<td>2 roky</td>
</tr>
<tr class="even">
<td>Spôsob dodania</td>
<td>demont v dvoch balíkoch</td>
</tr>
<tr class="odd">
<td>Hmotnosť</td>
<td>109 kg</td>
</tr>
<tr class="even">
<td>Úložný priestor</td>
<td>áno</td>
</tr>
<tr class="odd">
<td>Rohové prevedenie</td>
<td>áno</td>
</tr>
<tr class="even">
<td>Výška sedáka</td>
<td>41 cm</td>
</tr>
<tr class="odd">
<td>Výška zadného čela</td>
<td>max. 83 cm</td>
</tr>
<tr class="even">
<td>Možnosť rozkladania</td>
<td>áno</td>
</tr>
<tr class="odd">
<td>Plocha na spanie</td>
<td>120×200 cm</td>
</tr>
<tr class="even">
<td>Konštrukcia</td>
<td>DTD</td>
</tr>
<tr class="odd">
<td>Nôžky</td>
<td>drevené</td>
</tr>
<tr class="even">
<td>Obsahuje vankúše</td>
<td>áno</td>
</tr>
<tr class="odd">
<td>Nastavenie opierok</td>
<td>nie</td>
</tr>
<tr class="even">
<td>Výplň sedačky</td>
<td>pružina</td>
</tr>
</tbody>
</table>
<p><iframe loading="lazy" title="MARUTI, sedacia súprava, Tempo Kondela, www.temponabytok.sk" width="980" height="551" src="https://www.youtube.com/embed/Edmv878Yx6o?feature=oembed&#038;enablejsapi=1&#038;origin=https://nabytoklaguna.sk" frameborder="0" allow="accelerometer; autoplay; clipboard-write; encrypted-media; gyroscope; picture-in-picture; web-share" referrerpolicy="strict-origin-when-cross-origin" allowfullscreen></iframe></p>

<p>Táto rohová sedačka Vás zaujme svojím zaujímavým vzhľadom. Jej dokonalý povrch a biele kontrastné prešitie vás očarí na prvý pohľad. Kombinácia bielej ekokože s hladkou látkou Nemo 17 v čiernom prevedení jej dodá na veľmi čistom a modernom vzhľade, zaručí najvyšší komfort. Ďalšie Pre, prečo sa rozhodnúť je pre tento produkt je priestranný úložný priestor&#8230;</p>
