{"id":98590,"date":"2021-04-27T12:59:08","date_gmt":"2021-04-27T10:59:08","guid":{"rendered":"https:\/\/nabytoklaguna.sk\/sk\/?post_type=product&#038;p=98590"},"modified":"2025-04-08T12:39:36","modified_gmt":"2025-04-08T10:39:36","slug":"tempo-kondela-vilar","status":"publish","type":"product","link":"https:\/\/nabytoklaguna.sk\/sk\/produkt\/tempo-kondela-vilar\/","title":{"rendered":"K VILAR"},"content":{"rendered":"<p><strong>Ste milovn\u00edkom barokov\u00e9ho \u0161t\u00fdlu?<\/strong> M\u00e1me tu pre V\u00e1s <strong>sektor VILAR,<\/strong> ktor\u00fd je navrhnut\u00fd presne pre V\u00e1s. Tento <strong>sektor p\u00f4sob\u00ed\u00a0 luxusne<\/strong> a Va\u0161a ob\u00fdva\u010dka bude vyzera\u0165 naozaj prepychovo. Vyroben\u00e9 je z laminovanej DTD, <strong>ABS hrany pred\u017euj\u00fa \u017eivotnos\u0165 n\u00e1bytku.<\/strong> Eleganciu tomuto sektoru dod\u00e1vaj\u00fa<strong> ozdobn\u00e9 prvky.<\/strong> O stabilitu sektoru sa postaraj\u00fa <strong>dreven\u00e9 mas\u00edvne nohy.<\/strong> T\u00fdmto sektorom si zariadite ob\u00fdva\u010dku, jed\u00e1le\u0148 \u010di hos\u0165ovsk\u00fa izbu. Vyberte si farebn\u00e9 prevedenie <strong>sosna biela alebo dub lefkas<\/strong><\/p>\n<p>&nbsp;<\/p>\n<p><strong>Rozmery jednotliv\u00fdch komponentov (\u0160xHxV):<\/strong><\/p>\n<p>Skri\u0148a ve\u0161iakov\u00e1 s policami DA1 (\u0160xHxV):125x57x196cm<br \/>\nSkri\u0148a ve\u0161iakov\u00e1 DA3 (\u0160xHxV):75x57x196cm<br \/>\nVitr\u00edna DA4 (\u0160xHxV):75x42x196cm<br \/>\nKomoda DA7 (\u0160xHxV):165x47x89cm<br \/>\nNadstavec DA18 na komodu DA7 (\u0160xHxV):165x42x106cm<br \/>\nVitr\u00edna DA5 (\u0160xHxV):125x42x158cm<br \/>\nKomoda DA10 (\u0160xHxV):105x47x125cm<br \/>\nKomoda DA12 (\u0160xHxV):75x47x125cm<br \/>\nKomoda DA6 (\u0160xHxV):175x47x89cm<br \/>\nZ\u00e1vesn\u00e1 skrinka DA16 (\u0160xHxV):145x37x50cm<br \/>\nRTV stol\u00edk DA14 (\u0160xHxV):144x47x60cm<br \/>\nZrkadlo DA22 (\u0160xHxV):133x7x66cm<br \/>\nKonferen\u010dn\u00fd stol\u00edk DA20 (\u0160xHxV):116x75x55cm<br \/>\nJed\u00e1lensk\u00fd st\u00f4l DA19 (\u0160xHxV):146x76x76cm<\/p>\n","protected":false},"excerpt":{"rendered":"<p>Ste milovn\u00edkom barokov\u00e9ho \u0161t\u00fdlu? M\u00e1me tu pre V\u00e1s sektor VILAR, ktor\u00fd je navrhnut\u00fd presne pre V\u00e1s. Tento sektor p\u00f4sob\u00ed\u00a0 luxusne a Va\u0161a ob\u00fdva\u010dka bude vyzera\u0165 naozaj prepychovo. Vyroben\u00e9 je z laminovanej DTD, ABS hrany pred\u017euj\u00fa \u017eivotnos\u0165 n\u00e1bytku. Eleganciu tomuto sektoru dod\u00e1vaj\u00fa ozdobn\u00e9 prvky. O stabilitu sektoru sa postaraj\u00fa dreven\u00e9 mas\u00edvne nohy. T\u00fdmto sektorom si zariadite&#8230;<\/p>\n","protected":false},"featured_media":98595,"comment_status":"closed","ping_status":"closed","template":"","meta":{"_seopress_robots_primary_cat":"none","_seopress_titles_title":"","_seopress_titles_desc":"","_seopress_robots_index":""},"product_brand":[],"product_cat":[182,183],"product_tag":[],"class_list":{"0":"post-98590","1":"product","2":"type-product","3":"status-publish","4":"has-post-thumbnail","6":"product_cat-obyvacie-steny","7":"product_cat-sektorove-obyvacie-steny","8":"pa_farba-dub-lefkas","9":"pa_farba-sosna-biela","10":"pa_typ-produktu-jedalensky-stol-da19","11":"pa_typ-produktu-komoda-da10","12":"pa_typ-produktu-komoda-da12","13":"pa_typ-produktu-komoda-da6","14":"pa_typ-produktu-komoda-da7","15":"pa_typ-produktu-konferencny-stolik-da20","16":"pa_typ-produktu-nadstavec-da18","17":"pa_typ-produktu-rtv-stolik-da14","18":"pa_typ-produktu-vesiakova-skrina-da1","19":"pa_typ-produktu-vesiakova-skrina-da3","20":"pa_typ-produktu-vitrina-da4","21":"pa_typ-produktu-vitrina-da5","22":"pa_typ-produktu-zavesna-skrinka-da16","23":"pa_typ-produktu-zrkadlo-da22","25":"first","26":"onbackorder","27":"shipping-taxable","28":"purchasable","29":"product-type-variable"},"_links":{"self":[{"href":"https:\/\/nabytoklaguna.sk\/sk\/wp-json\/wp\/v2\/product\/98590","targetHints":{"allow":["GET"]}}],"collection":[{"href":"https:\/\/nabytoklaguna.sk\/sk\/wp-json\/wp\/v2\/product"}],"about":[{"href":"https:\/\/nabytoklaguna.sk\/sk\/wp-json\/wp\/v2\/types\/product"}],"replies":[{"embeddable":true,"href":"https:\/\/nabytoklaguna.sk\/sk\/wp-json\/wp\/v2\/comments?post=98590"}],"wp:featuredmedia":[{"embeddable":true,"href":"https:\/\/nabytoklaguna.sk\/sk\/wp-json\/wp\/v2\/media\/98595"}],"wp:attachment":[{"href":"https:\/\/nabytoklaguna.sk\/sk\/wp-json\/wp\/v2\/media?parent=98590"}],"wp:term":[{"taxonomy":"product_brand","embeddable":true,"href":"https:\/\/nabytoklaguna.sk\/sk\/wp-json\/wp\/v2\/product_brand?post=98590"},{"taxonomy":"product_cat","embeddable":true,"href":"https:\/\/nabytoklaguna.sk\/sk\/wp-json\/wp\/v2\/product_cat?post=98590"},{"taxonomy":"product_tag","embeddable":true,"href":"https:\/\/nabytoklaguna.sk\/sk\/wp-json\/wp\/v2\/product_tag?post=98590"}],"curies":[{"name":"wp","href":"https:\/\/api.w.org\/{rel}","templated":true}]}}

<p><strong>Ste milovníkom barokového štýlu?</strong> Máme tu pre Vás <strong>sektor VILAR,</strong> ktorý je navrhnutý presne pre Vás. Tento <strong>sektor pôsobí  luxusne</strong> a Vaša obývačka bude vyzerať naozaj prepychovo. Vyrobené je z laminovanej DTD, <strong>ABS hrany predžujú životnosť nábytku.</strong> Eleganciu tomuto sektoru dodávajú<strong> ozdobné prvky.</strong> O stabilitu sektoru sa postarajú <strong>drevené masívne nohy.</strong> Týmto sektorom si zariadite obývačku, jedáleň či hosťovskú izbu. Vyberte si farebné prevedenie <strong>sosna biela alebo dub lefkas</strong></p>
<p>&nbsp;</p>
<p><strong>Rozmery jednotlivých komponentov (ŠxHxV):</strong></p>
<p>Skriňa vešiaková s policami DA1 (ŠxHxV):125x57x196cm<br />
Skriňa vešiaková DA3 (ŠxHxV):75x57x196cm<br />
Vitrína DA4 (ŠxHxV):75x42x196cm<br />
Komoda DA7 (ŠxHxV):165x47x89cm<br />
Nadstavec DA18 na komodu DA7 (ŠxHxV):165x42x106cm<br />
Vitrína DA5 (ŠxHxV):125x42x158cm<br />
Komoda DA10 (ŠxHxV):105x47x125cm<br />
Komoda DA12 (ŠxHxV):75x47x125cm<br />
Komoda DA6 (ŠxHxV):175x47x89cm<br />
Závesná skrinka DA16 (ŠxHxV):145x37x50cm<br />
RTV stolík DA14 (ŠxHxV):144x47x60cm<br />
Zrkadlo DA22 (ŠxHxV):133x7x66cm<br />
Konferenčný stolík DA20 (ŠxHxV):116x75x55cm<br />
Jedálenský stôl DA19 (ŠxHxV):146x76x76cm</p>

<p>Ste milovníkom barokového štýlu? Máme tu pre Vás sektor VILAR, ktorý je navrhnutý presne pre Vás. Tento sektor pôsobí  luxusne a Vaša obývačka bude vyzerať naozaj prepychovo. Vyrobené je z laminovanej DTD, ABS hrany predžujú životnosť nábytku. Eleganciu tomuto sektoru dodávajú ozdobné prvky. O stabilitu sektoru sa postarajú drevené masívne nohy. Týmto sektorom si zariadite&#8230;</p>
