{"id":98792,"date":"2021-04-28T15:25:53","date_gmt":"2021-04-28T13:25:53","guid":{"rendered":"https:\/\/nabytoklaguna.sk\/sk\/?post_type=product&#038;p=98792"},"modified":"2023-11-21T11:06:53","modified_gmt":"2023-11-21T10:06:53","slug":"tempo-kondela-lynatet-spalna","status":"publish","type":"product","link":"https:\/\/nabytoklaguna.sk\/sk\/produkt\/tempo-kondela-lynatet-spalna\/","title":{"rendered":"TK LYNATET sp\u00e1l\u0148a"},"content":{"rendered":"<p>Luxusn\u00e1 sektorov\u00e1 zostava si V\u00e1s z\u00edska na prv\u00fd poh\u013ead. Vyroben\u00fd je z kvalitnej laminovanej DTD, ktor\u00e9 s\u00fa odoln\u00e9 vo\u010di po\u0161kriabaniu a vlhkosti. V\u010faka farebn\u00e9mu prevedeniu biela extra vysok\u00fd lesk a dub sonoma truflov\u00fd ho \u013eahko skombinujete s \u010fal\u0161\u00edm n\u00e1bytkom. Dvierka skriniek maj\u00fa zaoblen\u00e9 hrany \u010do p\u00f4sob\u00ed naozaj luxusne. Nemeck\u00fd dizajn s elegantn\u00fdmi hned\u00fdmi doplnkami dod\u00e1 celej sp\u00e1lni ten spr\u00e1vny \u0161mrnc<\/p>\n<p>Rozmery jednotliv\u00fdch komponentov (\u0160xHxV):<\/p>\n<p>Poste\u013e\u00a0 140 LYNATET 91 (\u0160xHxV):145,5x206x86cm, dod\u00e1van\u00e1 bez matracu a ro\u0161tu<br \/>\nPoste\u013e 160 LYNATET 93 (\u0160xHxV):165,5x206x86cm, dod\u00e1van\u00e1 bez matracu a ro\u0161tu<br \/>\nSkri\u0148a 4D LYNATET 23 (\u0160xHxV): 218,5x59x209cm<br \/>\nSkrina 3D LYNATET 22 (\u0160xHxV):164x59x209cm<br \/>\nNo\u010dn\u00fd stol\u00edk LYNATET 95 (\u0160xHxV):50x36x77,5cm<br \/>\nKomoda 4S LYVATET 44 (\u0160xHxV):96x42x86 cm<\/p>\n","protected":false},"excerpt":{"rendered":"<p>Luxusn\u00e1 sektorov\u00e1 zostava si V\u00e1s z\u00edska na prv\u00fd poh\u013ead. Vyroben\u00fd je z kvalitnej laminovanej DTD, ktor\u00e9 s\u00fa odoln\u00e9 vo\u010di po\u0161kriabaniu a vlhkosti. V\u010faka farebn\u00e9mu prevedeniu biela extra vysok\u00fd lesk a dub sonoma truflov\u00fd ho \u013eahko skombinujete s \u010fal\u0161\u00edm n\u00e1bytkom. Dvierka skriniek maj\u00fa zaoblen\u00e9 hrany \u010do p\u00f4sob\u00ed naozaj luxusne. Nemeck\u00fd dizajn s elegantn\u00fdmi hned\u00fdmi doplnkami dod\u00e1&#8230;<\/p>\n","protected":false},"featured_media":98797,"comment_status":"closed","ping_status":"closed","template":"","meta":{"_seopress_robots_primary_cat":"none","_seopress_titles_title":"","_seopress_titles_desc":"","_seopress_robots_index":""},"product_brand":[],"product_cat":[223],"product_tag":[],"class_list":{"0":"post-98792","1":"product","2":"type-product","3":"status-publish","4":"has-post-thumbnail","6":"product_cat-spalne","7":"pa_typ-produktu-lynatet-22","8":"pa_typ-produktu-lynatet-23","9":"pa_typ-produktu-lynatet-44","10":"pa_typ-produktu-lynatet-91","11":"pa_typ-produktu-lynatet-92","12":"pa_typ-produktu-lynatet-93","13":"pa_typ-produktu-lynatet-95","15":"first","16":"onbackorder","17":"shipping-taxable","18":"purchasable","19":"product-type-variable"},"_links":{"self":[{"href":"https:\/\/nabytoklaguna.sk\/sk\/wp-json\/wp\/v2\/product\/98792","targetHints":{"allow":["GET"]}}],"collection":[{"href":"https:\/\/nabytoklaguna.sk\/sk\/wp-json\/wp\/v2\/product"}],"about":[{"href":"https:\/\/nabytoklaguna.sk\/sk\/wp-json\/wp\/v2\/types\/product"}],"replies":[{"embeddable":true,"href":"https:\/\/nabytoklaguna.sk\/sk\/wp-json\/wp\/v2\/comments?post=98792"}],"wp:featuredmedia":[{"embeddable":true,"href":"https:\/\/nabytoklaguna.sk\/sk\/wp-json\/wp\/v2\/media\/98797"}],"wp:attachment":[{"href":"https:\/\/nabytoklaguna.sk\/sk\/wp-json\/wp\/v2\/media?parent=98792"}],"wp:term":[{"taxonomy":"product_brand","embeddable":true,"href":"https:\/\/nabytoklaguna.sk\/sk\/wp-json\/wp\/v2\/product_brand?post=98792"},{"taxonomy":"product_cat","embeddable":true,"href":"https:\/\/nabytoklaguna.sk\/sk\/wp-json\/wp\/v2\/product_cat?post=98792"},{"taxonomy":"product_tag","embeddable":true,"href":"https:\/\/nabytoklaguna.sk\/sk\/wp-json\/wp\/v2\/product_tag?post=98792"}],"curies":[{"name":"wp","href":"https:\/\/api.w.org\/{rel}","templated":true}]}}

TK LYNATET spálňa

<p>Luxusná sektorová zostava si Vás získa na prvý pohľad. Vyrobený je z kvalitnej laminovanej DTD, ktoré sú odolné voči poškriabaniu a vlhkosti. Vďaka farebnému prevedeniu biela extra vysoký lesk a dub sonoma truflový ho ľahko skombinujete s ďalším nábytkom. Dvierka skriniek majú zaoblené hrany čo pôsobí naozaj luxusne. Nemecký dizajn s elegantnými hnedými doplnkami dodá celej spálni ten správny šmrnc</p>
<p>Rozmery jednotlivých komponentov (ŠxHxV):</p>
<p>Posteľ  140 LYNATET 91 (ŠxHxV):145,5x206x86cm, dodávaná bez matracu a roštu<br />
Posteľ 160 LYNATET 93 (ŠxHxV):165,5x206x86cm, dodávaná bez matracu a roštu<br />
Skriňa 4D LYNATET 23 (ŠxHxV): 218,5x59x209cm<br />
Skrina 3D LYNATET 22 (ŠxHxV):164x59x209cm<br />
Nočný stolík LYNATET 95 (ŠxHxV):50x36x77,5cm<br />
Komoda 4S LYVATET 44 (ŠxHxV):96x42x86 cm</p>

<p>Luxusná sektorová zostava si Vás získa na prvý pohľad. Vyrobený je z kvalitnej laminovanej DTD, ktoré sú odolné voči poškriabaniu a vlhkosti. Vďaka farebnému prevedeniu biela extra vysoký lesk a dub sonoma truflový ho ľahko skombinujete s ďalším nábytkom. Dvierka skriniek majú zaoblené hrany čo pôsobí naozaj luxusne. Nemecký dizajn s elegantnými hnedými doplnkami dodá&#8230;</p>
